 4531868.
2, 11, 127, 811
What are the prime factors of 880074?
2, 3, 13, 3761
What are the prime factors of 7514797?
7514797
What are the prime factors of 2571021?
3, 31741
What are the prime factors of 2396627?
2396627
List the prime factors of 297576.
2, 3, 4133
List the prime factors of 14288062.
2, 7144031
List the prime factors of 2888132.
2, 13, 55541
List the prime factors of 22806864.
2, 3, 251, 631
List the prime factors of 7835901.
3, 31, 109, 773
List the prime factors of 254972.
2, 63743
List the prime factors of 1249930.
2, 5, 11, 1033
What are the prime factors of 550774?
2, 7, 39341
What are the prime factors of 1218629?
53, 22993
What are the prime factors of 3027813?
3, 251, 4021
What are the prime factors of 1322051?
337, 3923
What are the prime factors of 3352257?
3, 372473
List the prime factors of 17593027.
31, 18307
List the prime factors of 899815.
5, 7, 47, 547
What are the prime factors of 960266?
2, 480133
What are the prime factors of 206371?
11, 73, 257
List the prime factors of 1736097.
3, 11, 52609
What are the prime factors of 429944?
2, 223, 241
What are the prime factors of 247051?
7, 29, 1217
List the prime factors of 2182188.
2, 3, 17, 19, 563
List the prime factors of 772824.
2, 3, 13, 2477
List the prime factors of 371226.
2, 3, 61871
What are the prime factors of 1377672?
2, 3, 137, 419
List the prime factors of 853831.
11, 77621
List the prime factors of 229204.
2, 57301
List the prime factors of 875718.
2, 3, 16217
List the prime factors of 642204.
2, 3, 17839
What are the prime factors of 458669?
458669
What are the prime factors of 90834?
2, 3, 15139
List the prime factors of 503438.
2, 13, 17, 67
List the prime factors of 650895.
3, 5, 7, 6199
What are the prime factors of 18438831?
3, 31, 66089
List the prime factors of 4098798.
2, 3, 11, 127, 163
What are the prime factors of 253927?
271, 937
What are the prime factors of 30600776?
2, 37, 67, 1543
What are the prime factors of 8174262?
2, 3, 37, 36821
List the prime factors of 10082247.
3, 7, 480107
List the prime factors of 3113361.
3, 31, 11159
What are the prime factors of 160077?
3, 53359
What are the prime factors of 3590453?
149, 24097
What are the prime factors of 487964?
2, 43, 2837
What are the prime factors of 191442?
2, 3, 31907
What are the prime factors of 13164856?
2, 1645607
What are the prime factors of 531465?
3, 5, 11, 3221
List the prime factors of 332221.
332221
List the prime factors of 13348581.
3, 4449527
What are the prime factors of 1086007?
13, 139, 601
List the prime factors of 1087457.
7, 22193
What are the prime factors of 175115?
5, 35023
What are the prime factors of 30592660?
2, 5, 7, 19, 31, 53
List the prime factors of 503798.
2, 109, 2311
List the prime factors of 3227654.
2, 17, 59, 1609
What are the prime factors of 723572?
2, 37, 4889
List the prime factors of 4724560.
2, 5, 73, 809
What are the prime factors of 3399095?
5, 7, 97117
What are the prime factors of 25886914?
2, 23, 562759
What are the prime factors of 3406173?
3, 211, 5381
What are the prime factors of 320943?
3, 7, 17, 29, 31
List the prime factors of 4370348.
2, 43, 25409
What are the prime factors of 9649649?
31, 311279
List the prime factors of 830613.
3, 7, 37, 1069
List the prime factors of 403545.
3, 5, 26903
What are the prime factors of 165926?
2, 82963
What are the prime factors of 1239537?
3, 13, 37, 859
List the prime factors of 322533.
3, 35837
List the prime factors of 20916181.
11, 13, 13297
List the prime factors of 549056.
2, 23, 373
List the prime factors of 3357975.
3, 5, 44773
List the prime factors of 1046516.
2, 61, 4289
What are the prime factors of 1271343?
3, 423781
What are the prime factors of 220592?
2, 17, 811
What are the prime factors of 12299?
7, 251
What are the prime factors of 436245?
3, 5, 127, 229
List the prime factors of 2691897.
3, 13, 23, 3001
What are the prime factors of 5404166?
2, 2702083
What are the prime factors of 116198?
2, 58099
List the prime factors of 390314.
2, 195157
What are the prime factors of 522465?
3, 5, 61, 571
List the prime factors of 715385.
5, 11, 13007
List the prime factors of 5557359.
3, 139, 13327
What are the prime factors of 4276847?
179, 23893
What are the prime factors of 220546?
2, 110273
List the prime factors of 923566.
2, 7, 41, 1609
List the prime factors of 109454.
2, 54727
What are the prime factors of 303689?
303689
List the prime factors of 4689795.
3, 5, 11, 43, 661
What are the prime factors of 1415746?
2, 707873
List the prime factors of 735427.
7, 11, 9551
List the prime factors of 3137133.
3, 29, 107, 337
What are the prime factors of 2667499?
2667499
List the prime factors of 502527.
3, 23, 7283
What are the prime factors of 820968?
2, 3, 79, 433
List the prime factors of 1509148.
2, 377287
List the prime factors of 135462.
2, 3, 107, 211
What are the prime factors of 595264?
2, 71, 131
What are the prime factors of 133120?
2, 5, 13
What are the prime factors of 2893176?
2, 3, 11, 13, 281
What are the prime factors of 1726250?
2, 5, 1381
What are the prime factors of 131965?
5, 26393
List the prime factors of 704333.
7, 239, 421
List the prime factors of 5617779.
3, 41, 45673
List the prime factors of 7301711.
71, 102841
List the prime factors of 10736369.
7, 43, 53, 673
What are the prime factors of 193629?
3, 19, 43, 79
List the prime factors of 6305202.
2, 3, 38921
List the prime factors of 337537.
337537
List the prime factors of 3851033.
53, 72661
What are the prime factors of 314745?
3, 5, 20983
What are the prime factors of 741090?
2, 3, 5, 7, 3529
List the prime factors of 4953282.
2, 3, 825547
List the prime factors of 3372761.
7, 53, 9091
List the prime factors of 1501895.
5, 139, 2161
List the prime factors of 50288.
2, 7, 449
What are the prime factors of 19547751?
3, 19, 241, 1423
What are the prime factors of 2431798?
2, 1215899
List the prime factors of 1987450.
2, 5, 39749
List the prime factors of 9445159.
739, 12781
What are the prime factors of 195349?
7, 11, 43, 59
List the prime factors of 6184346.
2, 7, 43, 10273
List the prime factors of 4230750.
2, 3, 5, 5641
What are the prime factors of 83076?
2, 3, 7, 23, 43
What are the prime factors of 1006777?
139, 7243
What are the prime factors of 451235?
5, 90247
List the prime factors of 2411686.
2, 1205843
What are the prime factors of 597343?
563, 1061
What are the prime factors of 26748042?
2, 3, 1277, 3491
List the prime factors of 2119288.
2, 17, 15583
List the prime factors of 347749.
317, 1097
What are the prime factors of 5365467?
3, 19, 10459
What are the prime factors of 9659540?
2, 5, 11, 23, 83
What are the prime factors of 33501330?
2, 3, 5, 127, 977
List the prime factors of 1564498.
2, 13, 19, 3167
What are the prime factors of 922144?
2, 28817
List the prime factors of 1656975.
3, 5, 22093
List the prime factors of 2348958.
2, 3, 17, 23029
What are the prime factors of 554709?
3, 184903
What are the prime factors of 2778236?
2, 694559
List the prime factors of 11958445.
5, 47, 151, 337
What are the prime factors of 91961?
91961
List the prime factors of 171202.
2, 85601
What are the prime factors of 2306760?
2, 3, 5, 47, 409
What are the prime factors of 940948?
2, 67, 3511
List the prime factors of 12440781.
3, 1382309
List the prime factors of 1016284.
2, 254071
What are the prime factors of 176223?
3, 58741
What are the prime factors of 611380?
2, 5, 7, 11, 397
List the prime factors of 35024335.
5, 17, 412051
What are the prime factors of 132620?
2, 5, 19, 349
List the prime factors of 2051368.
2, 11, 23311
List the prime factors of 217591.
11, 131, 151
List the prime factors of 2259632.
2, 19, 7433
List the prime factors of 388918.
2, 163, 1193
List the prime factors of 12722020.
2, 5, 19, 33479
List the prime factors of 12924504.
2, 3, 73, 2459
List the prime factors of 762920.
2, 5, 19073
List the prime factors of 794080.
2, 5, 7, 709
What are the prime factors of 3104699?
13, 18371
What are the prime factors of 9013548?
2, 3, 29, 59, 439
List the prime factors of 1662297.
3, 7, 13, 6089
What are the prime factors of 5996817?
3, 269, 2477
What are the prime factors of 16581724?
2, 1249, 3319
What are the prime factors of 892467?
3, 53, 1871
List the prime factors o